11*q**2 + 18*q + 12. What is o(9)?
12
Let z(s) = 46*s**3 - s**2 + s + 1. What is z(1)?
47
Let j(g) = -3*g. What is j(-5)?
15
Let u(x) = -5*x**2 - x + 4. Determine u(0).
4
Let x(h) = -h**2 + 3*h + 5. Give x(5).
-5
Let x(d) = d**2 - 3*d - 67. Give x(11).
21
Let x(m) = -25*m - 1049. Determine x(-42).
1
Let r(j) = 2*j**2 - 3*j - 7. Calculate r(5).
28
Let x(v) = -63*v**2 + v + 1. Calculate x(-1).
-63
Let c(b) = -b**3 - 3*b**2 - 3*b + 3. Give c(-5).
68
Let f(a) = -a**3 + 20*a**2 + 21*a + 49. Calculate f(21).
49
Let b(o) = 6*o - 50. Determine b(8).
-2
Let s(j) = -j**3 + 9*j**2 - 18*j - 21. Determine s(6).
-21
Let p(t) = -t**3 + 7*t**2 - 4*t + 10. Calculate p(6).
22
Let v(s) = s - 18. Calculate v(7).
-11
Let o(m) = 6*m - 25. Calculate o(3).
-7
Let u(l) = l**3 - 33*l**2 + 64*l - 57. Calculate u(31).
5
Let q(w) = 33*w - 68. Determine q(2).
-2
Let v(i) = 2*i**3 - i**2 - 2*i + 26. Calculate v(0).
26
Let k(x) = -5*x**2 + 41*x - 54. Determine k(6).
12
Let q(y) = -2*y**2 - 5*y - 3. Calculate q(6).
-105
Let c(h) = -h + 20. Determine c(11).
9
Let z(l) = l**3 - 4*l**2 - 57*l - 8. Determine z(-6).
-26
Let v(i) = i**2 - 17*i - 102. Determine v(22).
8
Let u(k) = -k**2 - k + 7. Determine u(-3).
1
Let k(f) = f**3 + 10*f**2 - 11*f + 27. Give k(-11).
27
Let s(p) = -3*p - 74. Give s(-21).
-11
Let m(g) = 4*g - 16. Determine m(7).
12
Let g(z) = 19*z**2 - 6. Give g(-2).
70
Let i(m) = -18*m - 175. Calculate i(-10).
5
Let k(f) = -f**2 + 1. What is k(-5)?
-24
Let a(t) = t**2 - 5*t - 24. Determine a(-5).
26
Let t(r) = r**2 - 13*r + 11. Determine t(11).
-11
Let x(z) = -z - 1. What is x(7)?
-8
Let o(q) = q**2 + 11*q + 5. What is o(-9)?
-13
Let p(h) = h**2 + 10*h - 1. Give p(-11).
10
Let x(h) = 8*h**3 + 3*h**2 + 2*h. Determine x(-1).
-7
Let v(x) = 2*x**2 - 15*x + 11. Give v(6).
-7
Let n(v) = -13*v - 2. Determine n(-2).
24
Let k(r) = 4*r - 50. Determine k(8).
-18
Let z(h) = -6*h + 13. What is z(3)?
-5
Let d(j) = -j**3 - 3*j**2 - 2*j + 8. What is d(-4)?
32
Let z(m) = 7*m + 19. Give z(-4).
-9
Let i(l) = 12*l - 15. What is i(-9)?
-123
Let w(b) = -b**2 + 9*b + 15. Give w(8).
23
Let d(p) = 8*p + 23. Calculate d(-3).
-1
Let i(c) = 2*c + 5. Give i(5).
15
Let h(i) = i**2 - 21*i - 2. What is h(21)?
-2
Let w(y) = 11*y**2 - 2*y + 1. What is w(1)?
10
Let m(d) = 10*d + 28. Determine m(-5).
-22
Let r(l) = l**3 - 5*l**2 + 3*l - 4. Calculate r(3).
-13
Let r(l) = -l**2 - 7*l - 3. Determine r(-8).
-11
Let g(k) = -22*k - 2. Determine g(-2).
42
Let c(r) = r + 18. Calculate c(-6).
12
Let c(x) = -x**3 - 10*x**2 - 8*x - 9. What is c(-9)?
-18
Let l(s) = -s**3 - 11*s**2 - 3*s - 1. Calculate l(-11).
32
Let d(v) = v**3 + 63*v**2 - 647*v + 72. What is d(-72)?
0
Let x(d) = d**2 - 24*d + 37. Calculate x(21).
-26
Let m(z) = z**2 + 7*z + 12. What is m(-6)?
6
Let i(w) = 40*w + 153. Determine i(-4).
-7
Let p(k) = -3*k**2 + 11*k - 3. Give p(3).
3
Let p(w) = 2*w**3 + 16*w**2 - 20*w - 19. Calculate p(-9).
-1
Let z(c) = -2*c**2 - 31*c - 17. Give z(-15).
-2
Let t(a) = a**3 + 10*a**2 + 4*a + 33. What is t(-10)?
-7
Let r(f) = -f**3 + 15*f**2 - 36*f + 23. Determine r(12).
23
Let y(o) = -o**3 + 6*o**2 + o + 3. Calculate y(6).
9
Let y(v) = 20*v - 102. Determine y(5).
-2
Let v(i) = 2*i**3 + 59*i**2 + 28*i - 23. Calculate v(-29).
6
Let v(o) = -o**2 + 5*o - 12. Give v(5).
-12
Let h(y) = y**2 + 14*y - 211. Give h(9).
-4
Let g(i) = -9*i + 6. Calculate g(-3).
33
Let u(y) = -y**2 + y - 5. Give u(2).
-7
Let o(z) = -z**3 + 7*z**2 - 2*z + 9. Give o(7).
-5
Let f(q) = 2*q - 3. What is f(9)?
15
Let n(v) = -2*v**2 - 6*v + 27. Determine n(3).
-9
Let u(t) = -2*t**2 + 17*t + 79. Determine u(15).
-116
Let s(a) = -a**3 - 8*a**2 + 13*a + 13. Give s(-9).
-23
Let n(g) = -g**2 + 2*g - 2. Give n(0).
-2
Let a(t) = -2*t**3 - 10*t**2 - 2*t + 13. What is a(-4)?
-11
Let z(o) = 8*o**2 - 2*o - 3. What is z(-1)?
7
Let t(h) = 2*h + 2. Determine t(3).
8
Let j(y) = -9*y - 209. Calculate j(-25).
16
Let z(h) = -h**2 - 8*h + 8. Calculate z(-9).
-1
Let n(x) = x - 11. Give n(-4).
-15
Let s(r) = r**3 + 13*r**2 + 10*r + 7. Calculate s(-11).
139
Let h(q) = -10*q**2 + 3*q - 3. Calculate h(1).
-10
Let u(k) = 11*k - 58. What is u(0)?
-58
Let s(j) = -j**3 - j**2 + 12*j - 6. What is s(-6)?
102
Let r(l) = -l**3 + 4*l**2 + 11*l - 5. What is r(-2)?
-3
Let k(d) = -5*d**2 - 8*d - 16. Determine k(-5).
-101
Let r(v) = -v**2 + 16*v - 15. What is r(14)?
13
Let g(v) = -7*v + 25. What is g(3)?
4
Let x(b) = -23*b + 283. Give x(11).
30
Let v(p) = p**2 - 24*p + 7. What is v(20)?
-73
Let o(y) = 17*y + 140. What is o(-9)?
-13
Let n(i) = 61*i**2 + 363*i - 19. What is n(-6)?
-1
Let p(q) = 4*q + 40. What is p(-6)?
16
Let f(s) = -5*s - 36. What is f(-7)?
-1
Let p(h) = -h**3 - 9*h**2 - 9*h - 8. Give p(-8).
0
Let b(p) = 160*p - 961. Give b(6).
-1
Let v(f) = 5*f**3 - f**2 - 5*f - 7. Determine v(-2).
-41
Let t(b) = b**3 + 2*b**2 - 4*b. Determine t(-3).
3
Let c(k) = -k**3 + 5*k**2 - 3*k - 3. Determine c(4).
1
Let q(h) = -h**3 - 10*h**2 + 10*h + 6. Determine q(-11).
17
Let b(o) = -o**2 + 6*o - 1. What is b(5)?
4
Let y(d) = d**3 - 3*d**2 - 37*d - 26. Give y(8).
-2
Let d(h) = 6*h + 12. Calculate d(-2).
0
Let a(o) = -o**3 - 12*o**2 + 2*o + 19. Determine a(-12).
-5
Let j(s) = -s**3 - 11*s**2 - 8*s + 13. Determine j(-10).
-7
Let u(j) = j**3 - 6*j**2 + 3*j + 2. Determine u(3).
-16
Let n(d) = -23*d - 15. Determine n(4).
-107
Let s(l) = l + 6. Determine s(-5).
1
Let f(i) = -i**3 + 12*i**2 - 11*i + 21. Give f(11).
21
Let p(h) = -h + 1. Determine p(4).
-3
Let p(j) = -13*j - 38. Determine p(-4).
14
Let q(y) = 5*y**2 + 3*y - 1. What is q(-3)?
35
Let h(q) = -2*q**3 + 7*q**2 - 4*q - 3. Give h(4).
-35
Let s(u) = -u**3 - u**2 + 2*u + 84. Determine s(0).
84
Let a(i) = i**3 + 9*i**2 + 5*i - 17. Calculate a(-8).
7
Let b(a) = a + 18. What is b(-8)?
10
Let u(b) = b**2 + 8*b - 1. Give u(-9).
8
Let g(z) = -6*z**3 + 3*z**2 + 7*z + 2. Calculate g(-1).
4
Let u(l) = 3*l + 4. What is u(-4)?
-8
Let a(q) = -q**3 - 2*q**2 + 4*q + 3. What is a(-3)?
0
Let z(a) = 37*a**3 + 1. What is z(1)?
38
Let o(n) = -2*n**3 - 2*n**2 - 2*n + 5. What is o(-2)?
17
Let i(g) = 21*g**2 + g + 1. What is i(-1)?
21
Let y(c) = -c + 190. Calculate y(0).
190
Let w(p) = -p**2 - 23*p - 49. Determine w(-22).
-27
Let q(r) = -r**2 + 7*r - 11. What is q(4)?
1
Let y(p) = -p**2 + 9*p - 8. Calculate y(10).
-18
Let q(s) = -6*s + 31. Determine q(10).
-29
Let j(f) = -f**2 + 5*f + 12. Determine j(7).
-2
Let q(k) = k**2 - 16*k + 6. Give q(16).
6
Let t(z) = -z**3 - 3*z**2 + 5*z - 81. Give t(-6).
-3
Let m(o) = -o**3 - 8*o**2 - 13*o - 12. What is m(-7)?
30
Let z(a) = 2*a**3 + 10*a**2 - 14*a - 15. Determine z(-6).
-3
Let n(w) = w**3 + 7*w**2 - 17*w + 11. Give n(-9).
2
Let q(x) = 127*x + 3. Give q(0).
3
Let t(u) = -u**3 + 16*u**2 + 20*u - 58. Give t(17).
-7
Let m(k) = -k**3 - 8*k**2 - 17*k - 11. What is m(-5)?
-1
Let v(y) = -2*y**2 + y - 1. Calculate v(4).
-29
Let m(p) = -3*p - 24. Determine m(17).
-75
Let x(z) = -z**3 + 5*z**2 - 3*z + 5. What is x(4)?
9
Let o(c) = 3*c**3 + 19*c**2 + 2*c - 6. Calculate o(-6).
18
Let n(b) = b**2 - 7*b + 3. What is n(5)?
-7
Let t(v) = -2*v + 13. Determine t(6).
1
Let t(h) = 2*h**3 - 24*h**2 - 15*h + 13. Give t(13).
156
Let l(s) = -3*s**2 + 23*s + 9. Calculate l(9).
-27
Let w(f) = f**3 + 8*f**2 + 7*f + 6. Calculate w(-7).
6
Let a(z) = -6*z**2 + 45*z - 21. Calculate a(7).
0
Let r(s) = -s**2 - 8*s + 12. Determine r(-10).
-8
Let z(x) = -2*x - 8. Calculate z(-3).
-2
Let l(x) = -x + 54. Determine l(31).
23
Let t(n) = -n**3 + 17*n**2 + 17*n + 21. Give t(18).
3
Let z(y) = -y + 6. Determine z(8).
-2
Let j(x) = 4*x**2 + 34*x + 2. Calculate j(-5).
-68
Let k(l) = -2*l**2 + 39*l + 113. Calculate k(22).
3
Let k(l) = 16*l**2 - l + 1. Determine k(1).
16
Let v(u) = -5*u - 1. Calculate v(-2).
9
Let i(j) = -j**3 - 9*j**2 - 9*j - 8. Calculate i(-7).
-43
Let a(m) = -m**2 + 3*m + 48. What is a(13)?
-82
Let f(l) = -l**2 - 17*l - 21. Calculate f(-15).
9
Let g(p) = -34*p**2 - 4*p - 3. Determine g(-1).
-33
Let z(s) = -s**3 - 3*s**2 + 17*s - 6. Give z(-6).
0
Let k(n) = -5*n + 9. Give k(-8).
49
Let k(x) = 2*x**2 + 3*x - 2. Determine k(-2).
0
Let f(y) = -15*y**2. Calculate f(-1).
-15
Let a(v) = v**3 - 14*v**2 + 14*v - 10. Give a(13).
3
Let m(z) = 2*z**3 - 43*z**2 + 23*z - 42. Give m(21).
0
Let z(n) = -n**2 - n + 2. Calculate z(6).
-40
Let q(h) = -h**3 - 8*h**2 + 6